et r = 329 + -277. What is the remainder when 75 is divided by r?
23
Suppose 3*z - 128 = 5*z. Calculate the remainder when 63 is divided by z/(-3) + 22/33.
19
Calculate the remainder when 237 is divided by (-4)/48 - 484/(-48).
7
Let g(y) = 6*y**2 - 2*y - 41. Calculate the remainder when g(8) is divided by 66.
63
Suppose 0 = 3*o - 13 + 7. Let k(q) = 2*q + 1. Let n(g) = g. Let p(j) = 4*k(j) - 3*n(j). Calculate the remainder when 54 is divided by p(o).
12
Suppose 3*i - 9*i + 30 = 0. Suppose -i*t + 5*c = -53 - 12, 3*t - 2*c - 34 = 0. Calculate the remainder when (-30)/(-4) - (-4)/t is divided by 3.
2
Calculate the remainder when 24 is divided by (-12)/20*(-13 + -2).
6
Suppose 5*b - 6*a - 31 = -7*a, 0 = -3*b - 4*a + 22. Suppose 7 = -o + 4*m + 3, -4*m - 12 = -3*o. What is the remainder when o is divided by b?
2
Suppose 2*f = -3*b - 83, -4*b + 8*f - 5*f - 88 = 0. What is the remainder when (1179/(-15))/(-3) + 5/b is divided by 16?
10
Let o be (-816)/9*(-24)/(-16). Let i = -103 - o. Calculate the remainder when i is divided by 13.
7
Suppose -9*w = 434 + 1186. Calculate the remainder when 19 is divided by (w/(-48))/((-21)/8)*-7.
9
Suppose -3*l + l = -38. Calculate the remainder when (1 + -4 - -3) + 113 is divided by l.
18
Let v(i) = i**3 - 4*i**2 + 6*i. Let p be -5*(54/(-15) - -3). Calculate the remainder when 26 is divided by v(p).
8
Let t(b) = 4*b**2 - 2*b + 15. What is the remainder when t(6) is divided by 30?
27
Suppose -4*h = -0*h + 3*l - 185, 3*h + 2*l = 139. Let m = h + -13. What is the remainder when 134 is divided by m?
32
Let d(s) = -6*s - 102. What is the remainder when d(-25) is divided by 7?
6
Let z = 199 + -95. What is the remainder when z is divided by 54?
50
Let c(m) = m**3 + 11*m**2 + 6*m - 2. Let o(t) = -t**3 - 11*t**2 - 5*t + 1. Let h(s) = -5*c(s) - 6*o(s). Calculate the remainder when 9 is divided by h(-11).
1
Suppose -94 = 2*v - 5*g, 0 = -g - g. Let x = v - -51. What is the remainder when 6 is divided by x?
2
Let u(z) = -z**2 + 15*z + 60. Let p(t) = -t + 11. Let n be p(14). Let g(o) = -7*o. What is the remainder when g(n) is divided by u(18)?
3
Let a = -6 - -10. Calculate the remainder when (-16)/(-15 - -7)*5 - -5 is divided by a.
3
Suppose -364 = -30*f + 1586. Calculate the remainder when 113 is divided by f.
48
Suppose -955 = -4*z - 119. Calculate the remainder when z is divided by 30.
29
Suppose -17 - 7 = -3*i. Suppose 356 = -i*b + 12*b. What is the remainder when b is divided by 30?
29
Suppose m + 0 = 8. Let j(x) = x**3 - 5*x**2 - 13*x + 1. Calculate the remainder when j(m) is divided by 18.
17
Suppose -2 = 4*y - 6. What is the remainder when (y - -73)*1 + 1 is divided by 11?
9
Let r = 23 + 24. Let s = 0 + 3. Let j(k) = 2*k**3 - 3*k**2 - 3*k - 2. What is the remainder when r is divided by j(s)?
15
Let s = -425 + 530. What is the remainder when s is divided by (-166)/(-6) - 10/15?
24
Let o = 43 - 31. Let v = 12 - o. Let c = 9 + v. What is the remainder when 34 is divided by c?
7
Let x(c) = 2*c**3 + 40*c**2 - 2*c - 32. What is the remainder when 278 is divided by x(-20)?
6
Let x = 1 + 173. Calculate the remainder when 363 is divided by x.
15
Let h be 10 - 6/(-2 + 4). Suppose 4*q - h = -15. What is the remainder when 72 - (-4)/4*q is divided by 24?
22
Let j = 12 - 4. Let z = 2886 - 2862. What is the remainder when z is divided by j?
0
Suppose 0 = -3*u + 3*d + 2*d + 184, -2*d = -3*u + 169. Calculate the remainder when 103 is divided by u.
50
Suppose 0 = -5*m + 42 - 17, 0 = -r - 5*m + 66. What is the remainder when 122 is divided by r?
40
Suppose -4*y = -3*r + 77, 5*y - 170 + 57 = -3*r. Calculate the remainder when 104 is divided by r.
11
Calculate the remainder when 109/545 - (-1)/(5/2514) is divided by 28.
27
Let h = 269 + -233. What is the remainder when h is divided by 21?
15
Suppose i = -3*i + 104. Let m = -2314 + 2386. Calculate the remainder when m is divided by i.
20
Suppose 2*m - 51 = 3*w, 0 = -w - 1 + 2. What is the remainder when 39 is divided by m?
12
Let t(j) = 18*j**3 + 5*j**2 - 3*j + 2. Let d be t(3). Suppose 8 = -3*x + d. Suppose 0 = i - 3*i + x. Calculate the remainder when i is divided by 29.
28
Let y be (-182)/10 + (-1)/(-5). Calculate the remainder when 54 is divided by 48/216 + (-122)/y.
5
Let o(u) = -52*u**3 + 2*u**2 + u. Let s = -3979 - -4000. Calculate the remainder when o(-1) is divided by s.
11
What is the remainder when (335 - (-8 + 7))/(6/4) is divided by 23?
17
Let t(z) = -4*z - 4. Calculate the remainder when t(-20) is divided by 66.
10
Let n(d) = 10*d + 14*d + 3 - 35*d + 10*d. Let y be n(-2). Suppose 2*l = -v + y, 0*l + 19 = v - 5*l. Calculate the remainder when 15 is divided by v.
6
Suppose -x = 2*i - 13, x = -2*i + i + 8. What is the remainder when ((-42)/15)/(8/(-20)) is divided by x?
1
Let m(x) = -x**3 + 9 - 11*x**2 - 14 - 16*x - x**2. Calculate the remainder when m(-11) is divided by 17.
16
Suppose 0 = -3*c - 2*n - 16, 3*c - 4*n = -2*n - 8. Suppose 3*m + y - 43 = 0, 4*m + 4*y = 56 + 12. Let f = c + m. What is the remainder when 17 is divided by f?
8
Suppose -2*u + 146 = -l + 3*l, 0 = l - 2*u - 64. Let o = l - 52. What is the remainder when o is divided by 5?
3
Suppose p - 4*p - 14 = -10*p. Suppose 16 = 3*h + 2*w, 3*h - 22 = 3*w + w. Calculate the remainder when h is divided by p.
0
Let w = -4 + 13. Calculate the remainder when w is divided by (-3 - (-8 - -5)) + 5.
4
Let q = -8 - -15. Suppose q*i = 2*i + 10. Suppose i*l - 14 = 20. What is the remainder when 67 is divided by l?
16
What is the remainder when (34/3)/(66/63 - 1) is divided by 20?
18
Let o(w) be the first derivative of w**3/3 - 2*w**2 - w + 6. Let q(s) = -s**2 + 13*s + 3. Calculate the remainder when q(5) is divided by o(6).
10
Let b(h) = -h**2 - 7*h - 9. Let o be b(-5). Let n = o + 8. Calculate the remainder when 32 is divided by n.
5
Suppose -f + 14 = -5*c + 4, c = -5*f + 76. Suppose 0 = s + 1 - 27. Calculate the remainder when s is divided by f.
11
Let r(z) = 71*z**2 - 3*z + 1. Suppose 1 + 1 = 2*h. What is the remainder when r(h) is divided by 24?
21
Let l(z) = z**3 + 12*z**2 + 15*z + 52. What is the remainder when l(-11) is divided by (-22)/(-5) - 14/35?
0
Let z(f) = 7*f + 1. Let h = -7 - -3. Let g be z(h). What is the remainder when (-36)/g*(-39)/(-1) is divided by 18?
16
Let i(u) = u**2 + 33*u + 281. Calculate the remainder when 235 is divided by i(-10).
31
What is the remainder when 77 + 1 + (-28 - -28) is divided by 28?
22
Let u(h) = -h**2 + 5*h + 1. Let n be u(4). Let w = -2 + n. Suppose -w*y + 20 = 2*y. What is the remainder when 14 is divided by y?
2
Suppose 0 = 2*v + 3*j - 216, -4*j + 5*j = 2. What is the remainder when v is divided by 59?
46
Let h(f) = 21*f - 38. Let q be h(3). What is the remainder when 99 is divided by 1*q + 0*(-5)/(-30)?
24
Suppose 16*s - 3420 = 4*s. What is the remainder when s is divided by 36?
33
Suppose 3*d = 180 - 72. What is the remainder when 71 is divided by d?
35
Suppose -2*c = 3*z - 165, -2*c - 34*z = -33*z - 159. What is the remainder when c is divided by 47?
31
Let w be (-58008)/(-192) - 1/8. Suppose 7*r - 125 = w. Calculate the remainder when r is divided by 16.
13
Let z be (9/(-12))/((-12)/80). Suppose 5*u + z*k = 3 + 2, u + 5*k + 19 = 0. Let n(v) = 4*v - 7. Calculate the remainder when n(u) is divided by 9.
8
Let p(l) = 6*l - 6. Let x be 49/(-5) - (-5)/(-25). What is the remainder when p(3) is divided by 2/(-4)*(x + 0)?
2
Let l = -61 - -88. What is the remainder when l is divided by 9?
0
Let i = -72 + 38. Let p = 56 + i. Calculate the remainder when p is divided by 14.
8
Let w(b) = -51*b**3 - 3*b**2 - 3*b - 2. Let s be w(-1). Let j = s - -48. What is the remainder when j is divided by 14?
13
Suppose 8*a + 5 = 165. What is the remainder when 3618 is divided by a?
18
Let a = 23 + -21. Suppose -a*y = 2*y - 104. Let k = -22 + y. What is the remainder when 9 is divided by k?
1
Let i(y) = 3*y**2 - 4*y - 1. Let r(z) = -3*z**2 + 4*z. Let g(d) = -2*i(d) - 3*r(d). Suppose 9 - 3 = 3*t. What is the remainder when 17 is divided by g(t)?
5
Suppose -5*s + 47 = -18. Suppose o = s + 1. What is the remainder when 52 is divided by o?
10
Let c = -27 + 53. Calculate the remainder when 176 is divided by c.
20
Let c = -15 - -18. Suppose 0*s = -s - 3*n + 19, s - 3*n - 7 = 0. Calculate the remainder when s is